{"id":1845,"date":"2026-04-02T10:10:14","date_gmt":"2026-04-02T10:10:14","guid":{"rendered":"https:\/\/vidras.ch\/noblesse\/?post_type=product&#038;p=1845"},"modified":"2026-04-27T09:04:26","modified_gmt":"2026-04-27T09:04:26","slug":"rouge-sucre-duftstabchen-125-250-ml","status":"publish","type":"product","link":"https:\/\/vidras.ch\/noblesse\/product\/rouge-sucre-duftstabchen-125-250-ml\/","title":{"rendered":"Rouge Sucr\u00e9 Duftst\u00e4bchen (125 \/ 250 ml)"},"content":{"rendered":"<h3 style=\"text-align: center;\" data-section-id=\"1c7flfq\" data-start=\"89\" data-end=\"187\"><span role=\"text\"><strong data-start=\"93\" data-end=\"187\">ROUGE SUCR\u00c9 \u2014 Raumduft-Diffusor mit karamellisiertem Zucker und warmen, harzigen Holznoten<\/strong><\/span><\/h3>\n<p style=\"text-align: center;\" data-start=\"189\" data-end=\"527\">Eine intensive, umh\u00fcllende Komposition, in der geschmolzener Zucker auf tiefgr\u00fcndige, amberartige Harze trifft. Strahlender Safran und Jasmin entfalten sich zu einer warmen, genussvollen S\u00fc\u00dfe, w\u00e4hrend eine sinnliche, holzige Basis Tiefe und Raffinesse verleiht. Feine Nuancen von wei\u00dfem Zedernholz hinterlassen eine sanfte, elegante Spur.<\/p>\n<p style=\"text-align: center;\" data-start=\"529\" data-end=\"662\"><strong data-start=\"529\" data-end=\"544\">ROUGE SUCR\u00c9<\/strong> erf\u00fcllt den Raum mit Intensit\u00e4t und Charakter und schafft eine Atmosph\u00e4re, die zugleich opulent und beruhigend wirkt.<\/p>\n<p style=\"text-align: center;\" data-start=\"664\" data-end=\"773\">Eine exquisite Wahl f\u00fcr alle, die dekadente S\u00fc\u00dfe und ein ausdrucksstarkes, anspruchsvolles Ambiente sch\u00e4tzen.<\/p>\n<p style=\"text-align: center;\" data-start=\"775\" data-end=\"872\">Ideal f\u00fcr helle Schlafzimmer, gro\u00dfz\u00fcgige Ankleidezimmer und Interieurs mit nat\u00fcrlichen Elementen.<\/p>\n<h3 style=\"text-align: center;\" data-section-id=\"19xfwor\" data-start=\"879\" data-end=\"896\"><span role=\"text\"><strong data-start=\"883\" data-end=\"896\">DUFTNOTEN<\/strong><\/span><\/h3>\n<p style=\"text-align: center;\" data-start=\"898\" data-end=\"1007\"><strong data-start=\"898\" data-end=\"911\">Kopfnote:<\/strong> Jasmin, Safran<br data-start=\"926\" data-end=\"929\" \/><strong data-start=\"929\" data-end=\"942\">Herznote:<\/strong> Holziger Amber<br data-start=\"957\" data-end=\"960\" \/><strong data-start=\"960\" data-end=\"974\">Basisnote:<\/strong> Wei\u00dfes Zedernholz, Kiefernharz<\/p>\n<h3 style=\"text-align: center;\" data-section-id=\"wqu9b0\" data-start=\"1014\" data-end=\"1030\"><span role=\"text\"><strong data-start=\"1018\" data-end=\"1030\">Vorteile<\/strong><\/span><\/h3>\n<p style=\"text-align: center;\" data-start=\"1032\" data-end=\"1269\">\u2022 Hochkonzentrierter Duft f\u00fcr ein langanhaltendes und intensives Dufterlebnis<br data-start=\"1109\" data-end=\"1112\" \/>\u2022 Mikrofaserst\u00e4bchen sorgen f\u00fcr eine gleichm\u00e4\u00dfige und effektive Duftverteilung<br data-start=\"1190\" data-end=\"1193\" \/>\u2022 Elegantes Flaschendesign, das Ihrem Raum eine dezente Luxusnote verleiht<\/p>\n<h3 style=\"text-align: center;\" data-section-id=\"1tolxsv\" data-start=\"1276\" data-end=\"1294\"><span role=\"text\"><strong data-start=\"1280\" data-end=\"1294\">Set-Inhalt<\/strong><\/span><\/h3>\n<p style=\"text-align: center;\" data-start=\"1296\" data-end=\"1400\">\u2022 <strong data-start=\"1298\" data-end=\"1309\">125 ml:<\/strong> 10 Duftst\u00e4bchen &amp; 1 Nachf\u00fcllflasche<br data-start=\"1345\" data-end=\"1348\" \/>\u2022 <strong data-start=\"1350\" data-end=\"1361\">250 ml:<\/strong> 12 Duftst\u00e4bchen &amp; 2 Nachf\u00fcllflaschen<\/p>\n<h3 style=\"text-align: center;\" data-section-id=\"dnlw6l\" data-start=\"1407\" data-end=\"1424\"><span role=\"text\"><strong data-start=\"1411\" data-end=\"1424\">Anwendung<\/strong><\/span><\/h3>\n<p style=\"text-align: center;\" data-start=\"1426\" data-end=\"1477\">F\u00fcllen Sie die Glasflasche mit der Duftfl\u00fcssigkeit.<\/p>\n<p style=\"text-align: center;\" data-start=\"1479\" data-end=\"1611\">Setzen Sie die Duftst\u00e4bchen ein \u2014 diese nehmen die Fl\u00fcssigkeit auf und beginnen innerhalb von 30\u201360 Minuten, den Duft zu verbreiten.<\/p>\n<p style=\"text-align: center;\" data-start=\"1613\" data-end=\"1707\">Platzieren Sie den Diffusor an einem gut bel\u00fcfteten Ort, fern von direkter Sonneneinstrahlung.<\/p>\n<p style=\"text-align: center;\" data-start=\"1709\" data-end=\"1803\">Verwenden Sie eine halbe Nachf\u00fcllung f\u00fcr 125 ml oder eine vollst\u00e4ndige Nachf\u00fcllung f\u00fcr 250 ml.<\/p>\n<p style=\"text-align: center;\" data-start=\"1805\" data-end=\"1925\">Zur Auffrischung des Duftes regelm\u00e4\u00dfig Fl\u00fcssigkeit nachf\u00fcllen und die Intensit\u00e4t durch die Anzahl der St\u00e4bchen anpassen.<\/p>\n<h3 style=\"text-align: center;\" data-section-id=\"9m7cm6\" data-start=\"1932\" data-end=\"1965\"><span role=\"text\"><strong data-start=\"1936\" data-end=\"1965\">Empfehlungen &amp; Sicherheit<\/strong><\/span><\/h3>\n<p style=\"text-align: center;\" data-start=\"1967\" data-end=\"2322\">\u2022 Nur zur \u00e4u\u00dferen Anwendung \u2014 nicht einnehmen<br data-start=\"2012\" data-end=\"2015\" \/>\u2022 Kontakt mit Augen vermeiden und au\u00dferhalb der Reichweite von Kindern sowie von offenen Flammen aufbewahren<br data-start=\"2123\" data-end=\"2126\" \/>\u2022 Bei Versch\u00fctten die Oberfl\u00e4che mit Seifenwasser reinigen oder leicht erw\u00e4rmen, damit die Fl\u00fcssigkeit verdunstet<br data-start=\"2239\" data-end=\"2242\" \/>\u2022 Nachf\u00fcllflaschen an einem k\u00fchlen, trockenen Ort zwischen 5\u00b0C und 25\u00b0C lagern<\/p>\n","protected":false},"excerpt":{"rendered":"<p data-start=\"221\" data-end=\"393\">Ein raffinierter Raumduft mit s\u00fc\u00dfen, warmen Noten und einem Hauch roter Fr\u00fcchte. Sorgt f\u00fcr eine elegante und einladende Atmosph\u00e4re mit individuell regulierbarer Intensit\u00e4t.<\/p>\n","protected":false},"featured_media":2290,"comment_status":"open","ping_status":"closed","template":"","meta":{"site-sidebar-layout":"default","site-content-layout":"","ast-site-content-layout":"default","site-content-style":"default","site-sidebar-style":"default","ast-global-header-display":"","ast-banner-title-visibility":"","ast-main-header-display":"","ast-hfb-above-header-display":"","ast-hfb-below-header-display":"","ast-hfb-mobile-header-display":"","site-post-title":"","ast-breadcrumbs-content":"","ast-featured-img":"","footer-sml-layout":"","ast-disable-related-posts":"","theme-transparent-header-meta":"default","adv-header-id-meta":"","stick-header-meta":"","header-above-stick-meta":"","header-main-stick-meta":"","header-below-stick-meta":"","astra-migrate-meta-layouts":"set","ast-page-background-enabled":"default","ast-page-background-meta":{"desktop":{"background-color":"","background-image":"","background-repeat":"repeat","background-position":"center center","background-size":"auto","background-attachment":"scroll","background-type":"","background-media":"","overlay-type":"","overlay-color":"","overlay-opacity":"","overlay-gradient":""},"tablet":{"background-color":"","background-image":"","background-repeat":"repeat","background-position":"center center","background-size":"auto","background-attachment":"scroll","background-type":"","background-media":"","overlay-type":"","overlay-color":"","overlay-opacity":"","overlay-gradient":""},"mobile":{"background-color":"","background-image":"","background-repeat":"repeat","background-position":"center center","background-size":"auto","background-attachment":"scroll","background-type":"","background-media":"","overlay-type":"","overlay-color":"","overlay-opacity":"","overlay-gradient":""}},"ast-content-background-meta":{"desktop":{"background-color":"var(--ast-global-color-5)","background-image":"","background-repeat":"repeat","background-position":"center center","background-size":"auto","background-attachment":"scroll","background-type":"","background-media":"","overlay-type":"","overlay-color":"","overlay-opacity":"","overlay-gradient":""},"tablet":{"background-color":"var(--ast-global-color-5)","background-image":"","background-repeat":"repeat","background-position":"center center","background-size":"auto","background-attachment":"scroll","background-type":"","background-media":"","overlay-type":"","overlay-color":"","overlay-opacity":"","overlay-gradient":""},"mobile":{"background-color":"var(--ast-global-color-5)","background-image":"","background-repeat":"repeat","background-position":"center center","background-size":"auto","background-attachment":"scroll","background-type":"","background-media":"","overlay-type":"","overlay-color":"","overlay-opacity":"","overlay-gradient":""}}},"product_brand":[],"product_cat":[36],"product_tag":[],"class_list":{"0":"post-1845","1":"product","2":"type-product","3":"status-publish","4":"has-post-thumbnail","6":"product_cat-duftstabchen","7":"has-hover-img","8":"hover-img-1845","9":"desktop-align-left","10":"tablet-align-left","11":"mobile-align-left","13":"first","14":"instock","15":"shipping-taxable","16":"purchasable","17":"product-type-variable"},"_links":{"self":[{"href":"https:\/\/vidras.ch\/noblesse\/wp-json\/wp\/v2\/product\/1845","targetHints":{"allow":["GET"]}}],"collection":[{"href":"https:\/\/vidras.ch\/noblesse\/wp-json\/wp\/v2\/product"}],"about":[{"href":"https:\/\/vidras.ch\/noblesse\/wp-json\/wp\/v2\/types\/product"}],"replies":[{"embeddable":true,"href":"https:\/\/vidras.ch\/noblesse\/wp-json\/wp\/v2\/comments?post=1845"}],"wp:featuredmedia":[{"embeddable":true,"href":"https:\/\/vidras.ch\/noblesse\/wp-json\/wp\/v2\/media\/2290"}],"wp:attachment":[{"href":"https:\/\/vidras.ch\/noblesse\/wp-json\/wp\/v2\/media?parent=1845"}],"wp:term":[{"taxonomy":"product_brand","embeddable":true,"href":"https:\/\/vidras.ch\/noblesse\/wp-json\/wp\/v2\/product_brand?post=1845"},{"taxonomy":"product_cat","embeddable":true,"href":"https:\/\/vidras.ch\/noblesse\/wp-json\/wp\/v2\/product_cat?post=1845"},{"taxonomy":"product_tag","embeddable":true,"href":"https:\/\/vidras.ch\/noblesse\/wp-json\/wp\/v2\/product_tag?post=1845"}],"curies":[{"name":"wp","href":"https:\/\/api.w.org\/{rel}","templated":true}]}}